 4 - -3b?
40
In base 14, what is 0 - 2dac?
-2dac
In base 8, what is -34 - 45?
-101
In base 2, what is 100 - -1010010?
1010110
In base 7, what is 16 + -13?
3
In base 13, what is -15 - 138?
-150
In base 9, what is 6274 + -2?
6272
In base 8, what is -22 - -60?
36
In base 13, what is 5 + -1443?
-143b
In base 2, what is -101 + 1000001110?
1000001001
In base 2, what is 1 - -1101011010?
1101011011
In base 11, what is -5 - -158?
153
In base 14, what is -1 + -a3?
-a4
In base 4, what is 2333 - 111?
2222
In base 6, what is -43313 - -1?
-43312
In base 3, what is -122 + -211?
-1110
In base 6, what is -20 + 205?
145
In base 4, what is 2000 + -1301?
33
In base 15, what is -31 - 3?
-34
In base 15, what is -1 - -1d?
1c
In base 11, what is -69 - -3?
-66
In base 11, what is 38 + 2?
3a
In base 8, what is -4313 - 5?
-4320
In base 7, what is 331 - 1?
330
In base 7, what is -1 - -21102?
21101
In base 7, what is 221 + 1?
222
In base 14, what is 24 - 0?
24
In base 14, what is 36 - 29?
b
In base 10, what is -473 + -33?
-506
In base 14, what is 41 - -2?
43
In base 9, what is -416 - -5?
-411
In base 12, what is -b82 + 5?
-b79
In base 2, what is 11010110 - 101?
11010001
In base 12, what is 1 - -74?
75
In base 10, what is -1516 - -5?
-1511
In base 13, what is -3 - -57?
54
In base 5, what is -2 + -13110?
-13112
In base 3, what is 1122 - 1200?
-1
In base 10, what is 12 - -16?
28
In base 14, what is -3 - -29?
26
In base 3, what is 11 - -101000?
101011
In base 4, what is 21 + -203?
-122
In base 13, what is 3 - 12?
-c
In base 12, what is 61b2 + 5?
61b7
In base 3, what is 21011 + -121?
20120
In base 5, what is 10 - -14?
24
In base 15, what is -187 - -5?
-182
In base 10, what is 0 + -306?
-306
In base 7, what is -10 + -645?
-655
In base 3, what is -211 - -201?
-10
In base 4, what is -21012 - -1?
-21011
In base 6, what is -1 + 55?
54
In base 9, what is 1008 - 1?
1007
In base 6, what is -5 + -10050?
-10055
In base 13, what is -7 - -319?
312
In base 4, what is -201 - -11131?
10330
In base 4, what is 33 + -13?
20
In base 7, what is 52 - 0?
52
In base 9, what is 1 + 216?
217
In base 15, what is -115c - -1?
-115b
In base 4, what is 113 - -32?
211
In base 9, what is 133 + 50?
183
In base 15, what is a7 - 3?
a4
In base 4, what is -10 - 1013?
-1023
In base 15, what is -9 - c?
-16
In base 13, what is 2 - 3b09?
-3b07
In base 9, what is -11 - -25?
14
In base 10, what is 25 + -7?
18
In base 3, what is 12 - -21120?
21202
In base 7, what is -1252 - -111?
-1141
In base 8, what is 4 - 1002?
-776
In base 3, what is 12210 - 1001?
11202
In base 16, what is 15 - a?
b
In base 7, what is 14102 + 2?
14104
In base 6, what is -43151 - -2?
-43145
In base 12, what is 66 + -18?
4a
In base 7, what is 3 - 5?
-2
In base 11, what is 16 - -21?
37
In base 2, what is 100011 - 111?
11100
In base 11, what is 0 - 7?
-7
In base 10, what is -4 - -60?
56
In base 15, what is d - -87?
95
In base 12, what is 6 - -50?
56
In base 12, what is 4 - 16?
-12
In base 13, what is -21a + 5?
-215
In base 4, what is -3113 + -2?
-3121
In base 16, what is 40 - -6c?
ac
In base 9, what is 1848 + 1?
1850
In base 11, what is 86 + 3?
89
In base 15, what is 10b - -3?
10e
In base 15, what is 965 - c?
958
In base 11, what is -4 + -28?
-31
In base 16, what is 5 + -1ef?
-1ea
In base 10, what is -20 - 592?
-612
In base 6, what is 3 - 1142?
-1135
In base 13, what is ab1 + -3?
aab
In base 11, what is -249 - -1?
-248
In base 4, what is 2 - 1321?
-1313
In base 10, what is 123 - 15?
108
In base 13, what is 399 + 4?
3a0
In base 2, what is 1001 - -11011?
100100
In base 13, what is -1a - -13?
-7
In base 3, what is 12 - 221?
-202
In base 5, what is 420 + 13?
433
In base 16, what is -8 - 221?
-229
In base 9, what is 238 + 14?
253
In base 5, what is 22 - 102?
-30
In base 9, what is 0 + -161?
-161
In base 8, what is -124 + -56?
-202
In base 3, what is -200 - 1?
-201
In base 7, what is 114 + 6?
123
In base 4, what is 10 + -3?
1
In base 8, what is -35 + 1067?
1032
In base 15, what is 7b0 + -1?
7ae
In base 3, what is -122020011 + -11?
-122020022
In base 4, what is 3120 - 0?
3120
In base 16, what is -43 - 29?
-6c
In base 7, what is -2 - -640?
635
In base 2, what is 10010 + -110110?
-100100
In base 3, what is 2002012 + -10?
2002002
In base 4, what is -2 - -331?
323
In base 9, what is -3 - -166?
163
In base 3, what is -11 + 1010?
222
In base 9, what is -123 + -5?
-128
In base 10, what is -574 + -2?
-576
In base 11, what is 911 - 8?
904
In base 15, what is 156 - -40?
196
In base 4, what is -11 + 1033?
1022
In base 5, what is 101 - -3?
104
In base 10, what is 4 - 143?
-139
In base 11, what is 1144 - -5?
1149
In base 9, what is -201 + 0?
-201
In base 16, what is -3b + -b?
-46
In base 14, what is -969 + -2?
-96b
In base 5, what is 4 - 14?
-10
In base 13, what is 6 + -2?
4
In base 15, what is -6 - -22d?
227
In base 16, what is 12 - -1?
13
In base 4, what is 13202 + 11?
13213
In base 13, what is 741 + 4?
745
In base 5, what is -421 + -11?
-432
In base 10, what is 1979 - 2?
1977
In base 2, what is 1 - -100010100111?
100010101000
In base 6, what is -152 + -251?
-443
In base 10, what is 4 + -6909?
-6905
In base 5, what is 111 + 114?
230
In base 8, what is -44 + 316?
252
In base 7, what is 21 + -2?
16
In base 4, what is -3313003 + -10?
-3313013
In base 9, what is 177 + -3?
174
In base 13, what is 131c + 1?
1320
In base 4, what is 0 - -1012?
1012
In base 13, what is -3 + -140a?
-1410
In base 4, what is -10 - 312?
-322
In base 10, what is -432 - 6?
-438
In base 5, what is -4 - -10130?
10121
In base 9, what is -2 + -168?
-171
In base 2, what is 1 - 100010111000?
-100010110111
In base 10, what is 1234 - 5?
1229
In base 3, what is -112021111 - 10?
-112021121
In base 7, what is -10 + 2?
-5
In base 3, what is 2 + 21000?
21002
In base 4, what is -223213 - -10?
-223203
In base 13, what is 318 + -4?
314
In base 16, what is 175 + 1?
176
In base 15, what is -273 - 0?
-273
In base 4, what is 2 - 1123?
-1121
In base 6, what is -11 + -41?
-52
In base 13, what is -2c75 - -4?
-2c71
In base 2, what is -11001 + 1?
-11000
In base 3, what is -100111 + 10?
-100101
In base 9, what is -167 + 10?
-157
In base 11, what is -a8 - 6?
-103
In base 5, what is -11 - 4?
-20
In base 7, what is 5 - 36?
-31
In base 15, what is b6 + b?
c2
In base 10, what is 43 + -88?
-45
In base 4, what is 30231 - 11?
30220
In base 3, what is -1 + -22101102?
-22101110
In base 6, what is -243 - 3?
-250
In base 14, what is -89 - 7?
-92
In base 9, what is 0 + -334?
-334
In base 14, what is 0 - 233?
-233
In base 2, what is 1000001 - -110110?
1110111
In base 8, what is -21 + -13?
-34
In base 7, what is 44 + 23?
100
In base 14, what is -57 + -21?
-78
In base 16, what is -9 + -16c?
-175
In base 12, what is -10 + 0?
-10
In base 13, what is -1b7 - 3?
-1ba
In base 13, what is c79 + 3?
c7c
In base 4, what is -20230 - 1?
-20231
In base 5, what is -30 - -11?
-14
In base 11, what is -1030 - -2?
-1029
In base 3, what is 0 + 220?
220
In base 13, what is 1631 - 1?
1630
In base 11, what is 134 + 21?
155
In base 9, what is 1 + -287?
-286
In base 2, what is -101 - -1010?
101
In base 7, what is 4 + 261?
265
In base 3, what is -10 + 10021?
10011
In base 16, what is -158 + -25?
-17d
In base 7, what is 4 - -203?
210
In base 12, what is 4 - -199?
1a1
In base 10, what is -5 + 5852?
5847
In base 11, what is -529 + -1?
-52a
In base 2, what is -1001110001001 + 11?
-1001110000110
In base 14, what is -3 + -140c?
-1411
In base 2, what is 0 + 10000100010?
10000100010
In base 14, what is 5 - -cb?
d2
In base 3, what is -1021201 + 2?
-1021122
In base 4, what is -120133 + -11?
-120210
In base 16, what is 4 - -823?
827
In base 6, what is 151 + -22?
125
In base 14, what is -19d - 27?
-1c6
In base 6, what is 212 - 104?
104
In base 10, what is -4 + -237?
-241
In base 12, what is 0 - -255?
255
In base 15, what is 2d4 - 3?
2d1
In base 2, what is 100101 + 0?
100101
In base 14, what is -78 + -5?
-7d
In base 11, what is 40 - 2?
39
In base 3, what is -1 - -2211?
2210
In base 15, what is -31 + -a?
-3b
In base 15, what is -2dd - -4?
-2d9
In base 5, what is -11142 + -12?
-11204
In base 6, what is 4 + -300?
-252
In base 6, what is 1 + -22?
-21
In base 10, what is -2 + -885?
-887
In base 11, what is 33 - -21?
54
In base 3, what is 12021 + 112?
12210
In base 2, what is -1000